{"id":278,"date":"2026-02-01T21:10:01","date_gmt":"2026-02-01T20:10:01","guid":{"rendered":"https:\/\/www.uamk.sk\/europeanroute66\/?page_id=278"},"modified":"2026-03-15T13:35:20","modified_gmt":"2026-03-15T12:35:20","slug":"kontakt-2","status":"publish","type":"page","link":"https:\/\/www.uamk.sk\/europeanroute66\/kontakt-2\/","title":{"rendered":"Kontaktujte n\u00e1s"},"content":{"rendered":"\n<div class=\"wp-block-columns is-layout-flex wp-container-core-columns-is-layout-9d6595d7 wp-block-columns-is-layout-flex\">\n<div class=\"wp-block-column is-layout-flow wp-block-column-is-layout-flow\">\n<div class=\"wp-block-contact-form-7-contact-form-selector\">\n<div class=\"wpcf7 no-js\" id=\"wpcf7-f1358-o1\" lang=\"sk-SK\" dir=\"ltr\" data-wpcf7-id=\"1358\">\n<div class=\"screen-reader-response\"><p role=\"status\" aria-live=\"polite\" aria-atomic=\"true\"><\/p> <ul><\/ul><\/div>\n<form action=\"\/europeanroute66\/wp-json\/wp\/v2\/pages\/278#wpcf7-f1358-o1\" method=\"post\" class=\"wpcf7-form init\" aria-label=\"Kontaktn\u00fd formul\u00e1r\" novalidate=\"novalidate\" data-status=\"init\">\n<fieldset class=\"hidden-fields-container\"><input type=\"hidden\" name=\"_wpcf7\" value=\"1358\" \/><input type=\"hidden\" name=\"_wpcf7_version\" value=\"6.1.5\" \/><input type=\"hidden\" name=\"_wpcf7_locale\" value=\"sk_SK\" \/><input type=\"hidden\" name=\"_wpcf7_unit_tag\" value=\"wpcf7-f1358-o1\" \/><input type=\"hidden\" name=\"_wpcf7_container_post\" value=\"0\" \/><input type=\"hidden\" name=\"_wpcf7_posted_data_hash\" value=\"\" \/>\n<\/fieldset>\n<p><label> Va\u0161e meno<br \/>\n<span class=\"wpcf7-form-control-wrap\" data-name=\"your-name\"><input size=\"40\" maxlength=\"400\" class=\"wpcf7-form-control wpcf7-text wpcf7-validates-as-required\" autocomplete=\"name\" aria-required=\"true\" aria-invalid=\"false\" value=\"\" type=\"text\" name=\"your-name\" \/><\/span> <\/label>\n<\/p>\n<p><label> V\u00e1\u0161 email<br \/>\n<span class=\"wpcf7-form-control-wrap\" data-name=\"your-email\"><input size=\"40\" maxlength=\"400\" class=\"wpcf7-form-control wpcf7-email wpcf7-validates-as-required wpcf7-text wpcf7-validates-as-email\" autocomplete=\"email\" aria-required=\"true\" aria-invalid=\"false\" value=\"\" type=\"email\" name=\"your-email\" \/><\/span> <\/label>\n<\/p>\n<p><label> Predmet<br \/>\n<span class=\"wpcf7-form-control-wrap\" data-name=\"your-subject\"><input size=\"40\" maxlength=\"400\" class=\"wpcf7-form-control wpcf7-text wpcf7-validates-as-required\" aria-required=\"true\" aria-invalid=\"false\" value=\"\" type=\"text\" name=\"your-subject\" \/><\/span> <\/label>\n<\/p>\n<p><label> Va\u0161a spr\u00e1va (volite\u013en\u00e9)<br \/>\n<span class=\"wpcf7-form-control-wrap\" data-name=\"your-message\"><textarea cols=\"40\" rows=\"10\" maxlength=\"2000\" class=\"wpcf7-form-control wpcf7-textarea\" aria-invalid=\"false\" name=\"your-message\"><\/textarea><\/span> <\/label>\n<\/p>\n<p><input class=\"wpcf7-form-control wpcf7-submit has-spinner\" type=\"submit\" value=\"Odosla\u0165\" \/>\n<\/p><div class=\"wpcf7-response-output\" aria-hidden=\"true\"><\/div>\n<\/form>\n<\/div>\n<\/div>\n<\/div>\n\n\n\n<div class=\"wp-block-column is-layout-flow wp-block-column-is-layout-flow\">\n<p><\/p>\n\n\n\n<p><\/p>\n\n\n\n<p><strong>Slovensk\u00e1 asoci\u00e1cia route 66<\/strong><br>U. Dru\u017eby 322, 976 78 Podbrezov\u00e1 (Lopej) <br><br><strong>Telef\u00f3nne \u010d\u00edslo:<\/strong><br>+421 911 84 84 50<br><br><strong>E-mail:<\/strong><br><a href=\"mailto:route66sk@gmail.com\" data-type=\"mailto\" data-id=\"mailto:route66@gmail.com\" target=\"_blank\" rel=\"noreferrer noopener\">route66sk@gmail.com<\/a><br><br><strong>Sledujte n\u00e1s:<\/strong><br><a title=\"\" href=\"https:\/\/www.facebook.com\/SlovakAssociationRoute66\">Fa<\/a><a href=\"https:\/\/www.facebook.com\/SlovakAssociationRoute66\" target=\"_blank\" rel=\"noreferrer noopener\">c<\/a><a title=\"\" href=\"https:\/\/www.facebook.com\/SlovakAssociationRoute66\">ebook<\/a><\/p>\n<\/div>\n<\/div>\n","protected":false},"excerpt":{"rendered":"<p>Slovensk\u00e1 asoci\u00e1cia route 66U. Dru\u017eby 322, 976 78 Podbrezov\u00e1 (Lopej) Telef\u00f3nne \u010d\u00edslo:+421 911 84 84 50 E-mail:route66sk@gmail.com Sledujte n\u00e1s:Facebook<\/p>\n","protected":false},"author":1,"featured_media":0,"parent":0,"menu_order":0,"comment_status":"closed","ping_status":"closed","template":"","meta":{"_monsterinsights_skip_tracking":false,"_monsterinsights_sitenote_active":false,"_monsterinsights_sitenote_note":"","_monsterinsights_sitenote_category":0,"footnotes":""},"class_list":["post-278","page","type-page","status-publish","hentry"],"jetpack_sharing_enabled":true,"_links":{"self":[{"href":"https:\/\/www.uamk.sk\/europeanroute66\/wp-json\/wp\/v2\/pages\/278","targetHints":{"allow":["GET"]}}],"collection":[{"href":"https:\/\/www.uamk.sk\/europeanroute66\/wp-json\/wp\/v2\/pages"}],"about":[{"href":"https:\/\/www.uamk.sk\/europeanroute66\/wp-json\/wp\/v2\/types\/page"}],"author":[{"embeddable":true,"href":"https:\/\/www.uamk.sk\/europeanroute66\/wp-json\/wp\/v2\/users\/1"}],"replies":[{"embeddable":true,"href":"https:\/\/www.uamk.sk\/europeanroute66\/wp-json\/wp\/v2\/comments?post=278"}],"version-history":[{"count":9,"href":"https:\/\/www.uamk.sk\/europeanroute66\/wp-json\/wp\/v2\/pages\/278\/revisions"}],"predecessor-version":[{"id":1376,"href":"https:\/\/www.uamk.sk\/europeanroute66\/wp-json\/wp\/v2\/pages\/278\/revisions\/1376"}],"wp:attachment":[{"href":"https:\/\/www.uamk.sk\/europeanroute66\/wp-json\/wp\/v2\/media?parent=278"}],"curies":[{"name":"wp","href":"https:\/\/api.w.org\/{rel}","templated":true}]}}